{"id":74,"date":"2024-06-18T00:54:18","date_gmt":"2024-06-17T22:54:18","guid":{"rendered":"https:\/\/bcgm34.fr\/?page_id=74"},"modified":"2025-09-03T02:11:30","modified_gmt":"2025-09-03T00:11:30","slug":"inscription","status":"publish","type":"page","link":"https:\/\/bcgm34.fr\/index.php\/inscription\/","title":{"rendered":"Tarifs et Inscription"},"content":{"rendered":"\n<b>Rejoindre le Badminton Club de La Grande Motte<\/b>\n<br>\n<br>\nEnvie de nous rejoindre ? Voici les \u00e9tapes \u00e0 suivre pour finaliser votre inscription :<br><br>\n<b>\ud83d\udccc Documents \u00e0 fournir :<\/b><br>\n&nbsp;&nbsp;&nbsp;&nbsp;&nbsp;&nbsp;&nbsp;&nbsp;&nbsp;&nbsp;<b>1.\tLire attentivement :<\/b>\n<br>\n&nbsp;&nbsp;&nbsp;&nbsp;&nbsp;&nbsp;&nbsp;&nbsp;&nbsp;&nbsp;&nbsp;&nbsp;&nbsp;&nbsp;&nbsp;o\tLa Fiche d\u2019informations (disponible <a href=\"https:\/\/bcgm34.fr\/wp-content\/Documents%202025\/3.fiche%20info%202025-2026.pdf\" target=\"_blank\" rel=\"noopener\">ici<\/a>)\n<br>\n&nbsp;&nbsp;&nbsp;&nbsp;&nbsp;&nbsp;&nbsp;&nbsp;&nbsp;&nbsp;&nbsp;&nbsp;&nbsp;&nbsp;&nbsp;o\tLe R\u00e8glement int\u00e9rieur (disponible <a href=\"https:\/\/bcgm34.fr\/wp-content\/Documents%202025\/4.R%C3%A8glement%20int%C3%A9rieur.pdf\" target=\"_blank\" rel=\"noopener\">ici<\/a>)\n<br>\n&nbsp;&nbsp;&nbsp;&nbsp;&nbsp;&nbsp;&nbsp;&nbsp;&nbsp;&nbsp;<b>2.\tSant\u00e9 :<\/b><br>\n&nbsp;&nbsp;&nbsp;&nbsp;&nbsp;&nbsp;&nbsp;&nbsp;&nbsp;&nbsp;&nbsp;&nbsp;&nbsp;&nbsp;&nbsp;o\tRemplir le <b>Questionnaire sant\u00e9<\/b> (<a href=\"https:\/\/bcgm34.fr\/wp-content\/Documents%20inscription\/6b.questionnaire_sant%C3%A9-majeurs.pdf\" target=\"_blank\" rel=\"noopener\">Majeurs<\/a> \/\/ <a href=\"https:\/\/bcgm34.fr\/wp-content\/Documents%20inscription\/6a.questionnaire_sant%C3%A9-mineur.pdf\" target=\"_blank\" rel=\"noopener\">Mineurs<\/a>)<br>\n&nbsp;&nbsp;&nbsp;&nbsp;&nbsp;&nbsp;&nbsp;&nbsp;&nbsp;&nbsp;&nbsp;&nbsp;&nbsp;&nbsp;&nbsp;o\tOu fournir un <b>certificat m\u00e9dical<\/b> de moins de 6 mois mentionnant l\u2019aptitude \u00e0 la pratique du badminton (disponible <a href=\"https:\/\/bcgm34.fr\/wp-content\/Documents%202025\/5.Certificat%20m%C3%A9dical%20de%20non%20contre-Indication.pdf\" target=\"_blank\" rel=\"noopener\">ici<\/a>)<br>\n&nbsp;&nbsp;&nbsp;&nbsp;&nbsp;&nbsp;&nbsp;&nbsp;&nbsp;&nbsp;<b>3.\tInscription :<\/b><br>\n&nbsp;&nbsp;&nbsp;&nbsp;&nbsp;&nbsp;&nbsp;&nbsp;&nbsp;&nbsp;&nbsp;&nbsp;&nbsp;&nbsp;&nbsp;o\tCompl\u00e9ter la <a href=\"https:\/\/bcgm34.fr\/wp-content\/Documents%202025\/1.Fiche%20adh%C3%A9sion_2025-2026.docx\" target=\"_blank\" rel=\"noopener\">Fiche d&rsquo;adh\u00e9sion 2025-2026<\/a><br>\n&nbsp;&nbsp;&nbsp;&nbsp;&nbsp;&nbsp;&nbsp;&nbsp;&nbsp;&nbsp;<b>4.\tPhoto :<\/b><br>\n&nbsp;&nbsp;&nbsp;&nbsp;&nbsp;&nbsp;&nbsp;&nbsp;&nbsp;&nbsp;&nbsp;&nbsp;&nbsp;&nbsp;&nbsp;o\tPour les <b>nouveaux membres<\/b>, fournir une <b>photo d\u2019identit\u00e9<\/b> avec <b>nom et pr\u00e9nom au dos<\/b><br>\n&nbsp;&nbsp;&nbsp;&nbsp;&nbsp;&nbsp;&nbsp;&nbsp;&nbsp;&nbsp;<b>5.\tPaiement :<\/b><br>\n&nbsp;&nbsp;&nbsp;&nbsp;&nbsp;&nbsp;&nbsp;&nbsp;&nbsp;&nbsp;&nbsp;&nbsp;&nbsp;&nbsp;&nbsp;o\tR\u00e8glement par <b>ch\u00e8que \u00e0 l\u2019ordre de BCGM<\/b><br>\n&nbsp;&nbsp;&nbsp;&nbsp;&nbsp;&nbsp;&nbsp;&nbsp;&nbsp;&nbsp;&nbsp;&nbsp;&nbsp;&nbsp;&nbsp;o\tPossibilit\u00e9 de paiement en <b>2 ou 3 fois<\/b> sur demande <br>\n&nbsp;&nbsp;&nbsp;&nbsp;&nbsp;&nbsp;&nbsp;&nbsp;&nbsp;&nbsp;&nbsp;&nbsp;&nbsp;&nbsp;&nbsp;o\tLe club accepte le <b>Pass\u2019Sport<\/b> pour les jeunes (r\u00e9duction de 70 \u20ac pour les b\u00e9n\u00e9ficiaires)<br><br>\n\n<b>\ud83d\udcb8 Tarifs 2025-2026<\/b><br>\n&nbsp;&nbsp;&nbsp;&nbsp;&nbsp;&nbsp;&nbsp;&nbsp;&nbsp;&nbsp;<b>Adultes (\u00e0 partir de 16 ans)<\/b><br>\n&nbsp;&nbsp;&nbsp;&nbsp;&nbsp;&nbsp;&nbsp;&nbsp;&nbsp;&nbsp;&nbsp;&nbsp;&nbsp;&nbsp;&nbsp;\u2022\tFormule annuelle <b>jeu libre + licence<\/b> : 135 \u20ac<br>\n&nbsp;&nbsp;&nbsp;&nbsp;&nbsp;&nbsp;&nbsp;&nbsp;&nbsp;&nbsp;&nbsp;&nbsp;&nbsp;&nbsp;&nbsp;\u2022\tFormule annuelle <b>jeu libre (licenci\u00e9 dans un autre club)<\/b> : 71 \u20ac<br>\n&nbsp;&nbsp;&nbsp;&nbsp;&nbsp;&nbsp;&nbsp;&nbsp;&nbsp;&nbsp;<b>Jeunes (moins de 16 ans)<\/b><br>\n&nbsp;&nbsp;&nbsp;&nbsp;&nbsp;&nbsp;&nbsp;&nbsp;&nbsp;&nbsp;&nbsp;&nbsp;&nbsp;&nbsp;&nbsp;\u2022\tFormule annuelle <b>cours encadr\u00e9s + licence<\/b> : 105 \u20ac<br>\n&nbsp;&nbsp;&nbsp;&nbsp;&nbsp;&nbsp;&nbsp;&nbsp;&nbsp;&nbsp;&nbsp;&nbsp;&nbsp;&nbsp;&nbsp;\u2022\tFormule annuelle <b>cours (licenci\u00e9 dans un autre club)<\/b> : 47 \u20ac<br><br>\n\n\n\n\ud83d\udcc4 Demi-saison \u00e9galement disponible pour une inscription en cours d\u2019ann\u00e9e &#8211; <a href=\"https:\/\/bcgm34.fr\/wp-content\/Documents%202025\/2.Fiche%20adh%C3%A9sion_2025-2026_Demi-saison.docx\" target=\"_blank\" rel=\"noopener\">Fiche adh\u00e9sion 2025-2026 Demi-saison<\/a><\/p>\n\n\n\n<figure class=\"wp-block-image aligncenter size-full is-resized\"><img loading=\"lazy\" decoding=\"async\" width=\"564\" height=\"304\" src=\"https:\/\/bcgm34.fr\/wp-content\/uploads\/2024\/08\/Membres-du-club.jpg\" alt=\"\" class=\"wp-image-575\" style=\"width:820px;height:auto\" srcset=\"https:\/\/bcgm34.fr\/wp-content\/uploads\/2024\/08\/Membres-du-club.jpg 564w, https:\/\/bcgm34.fr\/wp-content\/uploads\/2024\/08\/Membres-du-club-300x162.jpg 300w\" sizes=\"auto, (max-width: 564px) 100vw, 564px\" \/><\/figure>\n","protected":false},"excerpt":{"rendered":"<p>Rejoindre le Badminton Club de La Grande Motte Envie de nous rejoindre ? Voici les \u00e9tapes \u00e0 suivre pour finaliser [&hellip;]<\/p>\n","protected":false},"author":1,"featured_media":0,"parent":0,"menu_order":0,"comment_status":"closed","ping_status":"closed","template":"","meta":{"site-sidebar-layout":"default","site-content-layout":"","ast-site-content-layout":"default","site-content-style":"default","site-sidebar-style":"default","ast-global-header-display":"","ast-banner-title-visibility":"","ast-main-header-display":"","ast-hfb-above-header-display":"","ast-hfb-below-header-display":"","ast-hfb-mobile-header-display":"","site-post-title":"","ast-breadcrumbs-content":"","ast-featured-img":"","footer-sml-layout":"","theme-transparent-header-meta":"","adv-header-id-meta":"","stick-header-meta":"","header-above-stick-meta":"","header-main-stick-meta":"","header-below-stick-meta":"","astra-migrate-meta-layouts":"default","ast-page-background-enabled":"default","ast-page-background-meta":{"desktop":{"background-color":"var(--ast-global-color-4)","background-image":"","background-repeat":"repeat","background-position":"center center","background-size":"auto","background-attachment":"scroll","background-type":"","background-media":"","overlay-type":"","overlay-color":"","overlay-opacity":"","overlay-gradient":""},"tablet":{"background-color":"","background-image":"","background-repeat":"repeat","background-position":"center center","background-size":"auto","background-attachment":"scroll","background-type":"","background-media":"","overlay-type":"","overlay-color":"","overlay-opacity":"","overlay-gradient":""},"mobile":{"background-color":"","background-image":"","background-repeat":"repeat","background-position":"center center","background-size":"auto","background-attachment":"scroll","background-type":"","background-media":"","overlay-type":"","overlay-color":"","overlay-opacity":"","overlay-gradient":""}},"ast-content-background-meta":{"desktop":{"background-color":"var(--ast-global-color-5)","background-image":"","background-repeat":"repeat","background-position":"center center","background-size":"auto","background-attachment":"scroll","background-type":"","background-media":"","overlay-type":"","overlay-color":"","overlay-opacity":"","overlay-gradient":""},"tablet":{"background-color":"var(--ast-global-color-5)","background-image":"","background-repeat":"repeat","background-position":"center center","background-size":"auto","background-attachment":"scroll","background-type":"","background-media":"","overlay-type":"","overlay-color":"","overlay-opacity":"","overlay-gradient":""},"mobile":{"background-color":"var(--ast-global-color-5)","background-image":"","background-repeat":"repeat","background-position":"center center","background-size":"auto","background-attachment":"scroll","background-type":"","background-media":"","overlay-type":"","overlay-color":"","overlay-opacity":"","overlay-gradient":""}},"footnotes":""},"class_list":["post-74","page","type-page","status-publish","hentry"],"_links":{"self":[{"href":"https:\/\/bcgm34.fr\/index.php\/wp-json\/wp\/v2\/pages\/74","targetHints":{"allow":["GET"]}}],"collection":[{"href":"https:\/\/bcgm34.fr\/index.php\/wp-json\/wp\/v2\/pages"}],"about":[{"href":"https:\/\/bcgm34.fr\/index.php\/wp-json\/wp\/v2\/types\/page"}],"author":[{"embeddable":true,"href":"https:\/\/bcgm34.fr\/index.php\/wp-json\/wp\/v2\/users\/1"}],"replies":[{"embeddable":true,"href":"https:\/\/bcgm34.fr\/index.php\/wp-json\/wp\/v2\/comments?post=74"}],"version-history":[{"count":144,"href":"https:\/\/bcgm34.fr\/index.php\/wp-json\/wp\/v2\/pages\/74\/revisions"}],"predecessor-version":[{"id":852,"href":"https:\/\/bcgm34.fr\/index.php\/wp-json\/wp\/v2\/pages\/74\/revisions\/852"}],"wp:attachment":[{"href":"https:\/\/bcgm34.fr\/index.php\/wp-json\/wp\/v2\/media?parent=74"}],"curies":[{"name":"wp","href":"https:\/\/api.w.org\/{rel}","templated":true}]}}